base 7, what is 261056 + 2?
261061
In base 7, what is -1026632 + 0?
-1026632
In base 8, what is 106 + 26?
134
In base 6, what is -43 + -550?
-1033
In base 2, what is -1 + -110101000011?
-110101000100
In base 2, what is -100110011111 - -1001?
-100110010110
In base 13, what is 971 + 435?
10a6
In base 12, what is -427 + -885?
-10b0
In base 4, what is -3 + 223011032?
223011023
In base 2, what is -100 + -1100100000010100?
-1100100000011000
In base 6, what is 151034 + 2?
151040
In base 11, what is -5 + -455055?
-45505a
In base 4, what is 2 - 110320?
-110312
In base 2, what is -100 - -1000101100?
1000101000
In base 16, what is 0 - b08?
-b08
In base 9, what is 1165 - -444?
1620
In base 11, what is 0 - -45a32?
45a32
In base 13, what is -1741 + 6?
-1738
In base 10, what is -3 - 63957?
-63960
In base 3, what is -102110002100110 + 11?
-102110002100022
In base 3, what is 0 - 20001001?
-20001001
In base 4, what is 11210232012 - 3?
11210232003
In base 10, what is 2702 - -268?
2970
In base 9, what is 3 + -107732?
-107728
In base 6, what is 24422534 + -2?
24422532
In base 5, what is 30 - 1030334?
-1030304
In base 11, what is 13 - 7511?
-74a9
In base 8, what is 1024 + -65?
737
In base 7, what is 1255 - -1133?
2421
In base 14, what is 1780 - 75d?
1021
In base 15, what is 66 + 3e89?
4000
In base 8, what is -73 - -35347?
35254
In base 2, what is 101000 - 111000011100000?
-111000010111000
In base 16, what is 24170 + 3?
24173
In base 3, what is 10 - -120021021012?
120021021022
In base 12, what is -4 - -6873?
686b
In base 2, what is 11110011010011 + 1001?
11110011011100
In base 10, what is -196133 + -13?
-196146
In base 8, what is 2 + 3277?
3301
In base 14, what is 1d693 + 5?
1d698
In base 10, what is -51192 + 4?
-51188
In base 15, what is 1d + -757?
-739
In base 10, what is 209302 - 2?
209300
In base 3, what is 11 - -102120220?
102121001
In base 14, what is 824 + 97?
8bb
In base 3, what is 11011020111 - 2?
11011020102
In base 9, what is 3 + 7312?
7315
In base 13, what is -73803 - 1?
-73804
In base 5, what is -310401231 - 3?
-310401234
In base 3, what is -10212202 - 1002022?
-11222001
In base 3, what is 0 - 12101122120?
-12101122120
In base 4, what is 230313200 - -2?
230313202
In base 14, what is -2 - 4463?
-4465
In base 8, what is -12365 + -23?
-12410
In base 8, what is 355 + 424?
1001
In base 5, what is -202132 - -4300?
-142332
In base 8, what is 1000 + -171?
607
In base 12, what is 42800 - 11?
427ab
In base 4, what is 213222111 - 12?
213222033
In base 5, what is -4043011323 - 10?
-4043011333
In base 13, what is 66c + 37?
6a6
In base 11, what is 962 + -2465?
-1603
In base 11, what is -522 + -132?
-654
In base 16, what is -f + -5d1?
-5e0
In base 3, what is 10 - -22021102?
22021112
In base 3, what is -1001211111 - -2?
-1001211102
In base 4, what is -1 + 10312010?
10312003
In base 12, what is 5 + -a882?
-a879
In base 6, what is 103121 + -45?
103032
In base 10, what is 78837 + 4?
78841
In base 12, what is -6 - -949b?
9495
In base 5, what is 14310400 - 3?
14310342
In base 13, what is 197a65 + -4?
197a61
In base 15, what is -3 - -d7270?
d726c
In base 8, what is 0 - -104660?
104660
In base 10, what is -3 - -11882?
11879
In base 12, what is -7a45 + -a?
-7a53
In base 5, what is -4344100 - 3?
-4344103
In base 7, what is -4 + -154311?
-154315
In base 5, what is 204331 - 3?
204323
In base 5, what is -20021 - -230?
-14241
In base 5, what is -1000010 - -141?
-444314
In base 9, what is -154 - 485?
-650
In base 12, what is 49915a - 3?
499157
In base 2, what is -101 + 111110110011?
111110101110
In base 15, what is -18a19 + -1?
-18a1a
In base 2, what is 1100100010000 + 0?
1100100010000
In base 7, what is 134 - -505?
642
In base 7, what is -2161215 + 4?
-2161211
In base 15, what is -22cce - 0?
-22cce
In base 15, what is -93 - -20e?
16b
In base 12, what is -15b3a - -25?
-15b15
In base 6, what is 112254 - 22?
112232
In base 14, what is 76221 + -8?
76217
In base 8, what is -4006 + -50?
-4056
In base 11, what is -18258 + -1?
-18259
In base 9, what is -8713 - -15?
-8687
In base 4, what is 1132302 + 10302?
1203210
In base 6, what is -15454 - 3?
-15501
In base 14, what is -90 - -6019?
5d69
In base 5, what is -10 - -242433?
242423
In base 8, what is 7 - -72021?
72030
In base 8, what is -715 + 1541?
624
In base 2, what is 10 - -10111110000111?
10111110001001
In base 11, what is -126 + 64?
-72
In base 2, what is 1000 + 1001001011010011?
1001001011011011
In base 3, what is -2 - -1010110200?
1010110121
In base 4, what is 21022 - 1003301?
-322213
In base 15, what is 6 - -d4c3?
d4c9
In base 5, what is -1330111 + -4?
-1330120
In base 7, what is 1123 + 301?
1424
In base 3, what is -221212 - 20102?
-1012021
In base 6, what is 2540 - 30?
2510
In base 13, what is 18 + 3443?
345b
In base 11, what is 443 - -42?
485
In base 8, what is 2 + -14702?
-14700
In base 3, what is 11210 - -1122121?
1211101
In base 16, what is -1780 - -12?
-176e
In base 9, what is -245 + -7713?
-8058
In base 16, what is 5 + -c37?
-c32
In base 10, what is 1 + -112305?
-112304
In base 3, what is 1022 - -10110211011?
10110212110
In base 11, what is 4 - 154141?
-154138
In base 12, what is 12a4b1 + 5?
12a4b6
In base 8, what is 37 + 723?
762
In base 2, what is 1100101110100 + 11001?
1100110001101
In base 6, what is -3 - 141013?
-141020
In base 7, what is -622 - 2531?
-3453
In base 3, what is 202210202020 - -1?
202210202021
In base 11, what is -33a - -44?
-2a6
In base 10, what is -27316 - -1?
-27315
In base 7, what is -22 + -154115?
-154140
In base 3, what is -1120012212 - -11100?
-1120001112
In base 9, what is -4304782 + 1?
-4304781
In base 10, what is 2 - 15782?
-15780
In base 12, what is 3 + b2443?
b2446
In base 7, what is 40661 - 222?
40436
In base 13, what is -5 + a137?
a132
In base 3, what is -1 - 10201100101?
-10201100102
In base 11, what is -18974 + -4?
-18978
In base 14, what is -28 + -ad1c?
-ad46
In base 5, what is -3134 + -3103?
-11242
In base 11, what is -4 + -10991?
-10995
In base 14, what is -14 + -c0c?
-c22
In base 6, what is 10425 + 324?
11153
In base 6, what is -53105 + 2?
-53103
In base 9, what is 2667 + 4?
2672
In base 15, what is -1b - -798?
77c
In base 4, what is 103110 + 32?
103202
In base 14, what is b0 - -5c2?
692
In base 2, what is 0 + 10000011101111101?
10000011101111101
In base 9, what is -2163 + 1008?
-1154
In base 7, what is 30561 + 40?
30631
In base 11, what is 37a - 158?
222
In base 16, what is 5 - -61e9?
61ee
In base 12, what is 17ba6 + -20?
17b86
In base 10, what is -8 - 17041?
-17049
In base 11, what is 538827 - 2?
538825
In base 6, what is -1052 - -54?
-554
In base 13, what is b + 1182?
1190
In base 8, what is 6331526 + -2?
6331524
In base 6, what is 1054 + 13010?
14104
In base 3, what is -112 - 202000021?
-202000210
In base 16, what is -2ac2 + -2?
-2ac4
In base 14, what is -740 - 22?
-762
In base 11, what is -1 - -2aa14?
2aa13
In base 15, what is 3 - 3744?
-3741
In base 7, what is 541 + -134?
404
In base 16, what is 8b39 - 1a?
8b1f
In base 8, what is 3 + 1540731?
1540734
In base 13, what is 476c + -b?
4761
In base 4, what is 220 + 10100220?
10101100
In base 2, what is 11111000101 + 1000?
11111001101
In base 5, what is -11133021 - -30?
-11132441
In base 9, what is -4 + -312784?
-312788
In base 12, what is -1a - 3374?
-3392
In base 5, what is 1 + 300030?
300031
In base 7, what is -341 + -514?
-1155
In base 16, what is 2aa - -403?
6ad
In base 7, what is -161 + -662?
-1153
In base 11, what is -276a - -16?
-2754
In base 3, what is -1120 + 1212200112?
1212121222
In base 13, what is 26313 - -7?
2631a
In base 11, what is -1 + -14264?
-14265
In base 2, what is 100 - 11000000000?
-10111111100
In base 4, what is 12002 - -3220?
21222
In base 2, what is -1000100001000 - 10011010?
-1000110100010
In base 6, what is -434212 - -13?
-434155
In base 4, what is 2201 - 10002?
-1201
In base 15, what is -1 + 51b78?
51b77
In base 14, what is 3 + 3dc00?
3dc03
In base 9, what is -268 - 11368?
-11647
In base 15, what is d43 + -d?
d35
In base 9, what is -443312 + 5?
-443306
In base 6, what is 31221 + 2105?
33330
In base 10, what is 26 + -171052?
-171026
In base 8, what is -1105 - -4?
-1101
In base 10, what is 2 + 18672?
18674
In base 15, what is -1a + 426c?
4252
In base 12, what is 2281 - 6b?
2212
In base 11, what is -1095483